
False
Is 2952493 composite?
True
Is 943114067 composite?
True
Is 68152939 prime?
True
Is 537651923 prime?
True
Is 4531229 a composite number?
True
Is 486638249 prime?
False
Is 822329 prime?
True
Is 3093803 prime?
True
Is 29327681 prime?
False
Is 1979507 a prime number?
True
Is 6204613 a prime number?
True
Is 67936751 composite?
False
Is 4005957 prime?
False
Is 50563927 a composite number?
False
Is 3169154 prime?
False
Is 32694401 prime?
False
Is 154443943 composite?
False
Is 319860971 prime?
True
Is 25525223 composite?
False
Is 43858093 a prime number?
True
Is 2687491 composite?
False
Is 68234273 prime?
False
Is 7043041 prime?
True
Is 168364433 composite?
True
Is 3182059 prime?
True
Is 15283649 composite?
False
Is 90933873 a composite number?
True
Is 760007 prime?
True
Is 6718931 composite?
True
Is 378449 a prime number?
True
Is 153061501 a composite number?
False
Is 7336891 a prime number?
True
Is 65879921 a prime number?
True
Is 26088827 composite?
False
Is 5668219 a composite number?
True
Is 44271899 prime?
False
Is 16528331 a composite number?
False
Is 317961857 composite?
False
Is 13985585 prime?
False
Is 108513779 a prime number?
False
Is 28808153 prime?
False
Is 2101 a composite number?
True
Is 121639883 composite?
False
Is 550338359 composite?
False
Is 51123711 a prime number?
False
Is 375899 a prime number?
True
Is 294629 a prime number?
True
Is 8196259 prime?
True
Is 66016547 a prime number?
False
Is 48561641 a composite number?
False
Is 14545331 composite?
False
Is 45219157 a composite number?
False
Is 27654173 composite?
False
Is 213970123 composite?
True
Is 49825987 a composite number?
False
Is 15556949 prime?
True
Is 406338067 prime?
False
Is 2128111 a prime number?
False
Is 1681582333 composite?
False
Is 1793653 prime?
False
Is 5063969 composite?
True
Is 40375957 a prime number?
True
Is 1850633 a prime number?
True
Is 23720815 composite?
True
Is 4900543 a prime number?
True
Is 217073237 a composite number?
False
Is 1811363 composite?
True
Is 195338695 composite?
True
Is 150147467 a composite number?
False
Is 153507713 composite?
True
Is 521267 composite?
False
Is 8743847 a composite number?
True
Is 21089 composite?
False
Is 3279209 composite?
False
Is 9456803 a composite number?
False
Is 7788449 composite?
True
Is 46187447 a composite number?
False
Is 2142641 composite?
False
Is 954367 composite?
False
Is 1301669 a prime number?
True
Is 3472153 prime?
True
Is 43874813 composite?
False
Is 850740881 prime?
False
Is 6458047 composite?
True
Is 8423897 prime?
False
Is 39051442 a prime number?
False
Is 8204423 prime?
True
Is 9147773 composite?
True
Is 57881153 a prime number?
False
Is 398334877 a composite number?
True
Is 47038903 a prime number?
False
Is 67479197 a composite number?
False
Is 22692715 prime?
False
Is 7644139 a prime number?
False
Is 5259671 prime?
True
Is 4385399 prime?
True
Is 59851867 a composite number?
True
Is 7171039 composite?
True
Is 681490661 composite?
True
Is 19101139 prime?
False
Is 4004579 a composite number?
False
Is 4653907 a composite number?
False
Is 2749127 prime?
True
Is 689832251 a prime number?
False
Is 25265549 prime?
True
Is 9558217 composite?
False
Is 60729041 prime?
True
Is 528191 a composite number?
False
Is 4243991 a prime number?
True
Is 620689 a composite number?
False
Is 3490139 a composite number?
False
Is 232090363 prime?
True
Is 12385223 a prime number?
False
Is 1240441 a composite number?
True
Is 5811631 a prime number?
False
Is 81590153 a composite number?
False
Is 6974867 composite?
False
Is 12969181 a prime number?
False
Is 68063815 composite?
True
Is 28891669 prime?
True
Is 171366379 prime?
False
Is 10462733 a prime number?
False
Is 111102331 a composite number?
False
Is 68953361 composite?
False
Is 228401 a prime number?
False
Is 416129 a prime number?
False
Is 98413345 composite?
True
Is 357944663 composite?
True
Is 2114561 a prime number?
False
Is 47254159 composite?
True
Is 420243283 prime?
True
Is 383009 a prime number?
False
Is 60511307 prime?
True
Is 59422169 a prime number?
False
Is 8936741 prime?
False
Is 27373457 a composite number?
True
Is 30374809 composite?
True
Is 11550559 a composite number?
True
Is 44583529 a prime number?
True
Is 83707267 prime?
False
Is 54403079 prime?
False
Is 101087659 prime?
False
Is 53347 composite?
True
Is 358735501 a composite number?
False
Is 979913 prime?
False
Is 5159555 prime?
False
Is 227043665 prime?
False
Is 2153051 prime?
True
Is 84379 composite?
True
Is 335028289 prime?
True
Is 4295023 composite?
True
Is 3054531 prime?
False
Is 288136943 a prime number?
False
Is 77851043 prime?
True
Is 5687827 composite?
False
Is 663877 prime?
False
Is 2832179 a prime number?
False
Is 202276573 prime?
True
Is 6503257 prime?
False
Is 4904899 prime?
True
Is 5844383 a composite number?
False
Is 263132717 a prime number?
False
Is 5220797 a prime number?
True
Is 6641881 a composite number?
True
Is 14480157 a composite number?
True
Is 17728941 composite?
True
Is 9109613 a composite number?
False
Is 1023058261 a composite number?
True
Is 37730663 a prime number?
False
Is 545117 prime?
True
Is 1576537 prime?
True
Is 161171831 composite?
False
Is 223061 composite?
False
Is 959762359 prime?
True
Is 154710527 a composite number?
True
Is 70897759 a prime number?
False
Is 52851383 a composite number?
True
Is 2224879 prime?
True
Is 29007805 a composite number?
True
Is 75295177 a composite number?
True
Is 4506739 composite?
False
Is 189441481 composite?
False
Is 63215497 composite?
False
Is 2350049 composite?
True
Is 105247117 prime?
True
Is 106687229 a prime number?
False
Is 57311717 composite?
False
Is 2871733 prime?
False
Is 118819487 prime?
True
Is 23933401 prime?
True
Is 13680661 composite?
False
Is 122268427 a prime number?
False
Is 5283913 prime?
True
Is 4410691 composite?
False
Is 29676991 a composite number?
True
Is 527521 a prime number?
False
Is 350592347 prime?
False
Is 319013683 prime?
False
Is 1071397 a composite number?
True
Is 8597047 composite?
False
Is 30627731 composite?
False
Is 5726179 prime?
True
Is 93554399 composite?
True
Is 12424073 prime?
True
Is 313628891 a prime number?
False
Is 138552347 prime?
False
Is 2230073 composite?
True
Is 10281559 a composite number?
False
Is 287749759 prime?
False
Is 492657689 a prime number?
True
Is 1928987 a composite number?
True
Is 6138271 a prime number?
True
Is 76520959 a composite number?
False
Is 1562333 composite?
True
Is 108581 prime?
False
Is 40806587 a composite number?
False
Is 356202743 prime?
False
Is 6860807 a composite number?
False
Is 1760933 prime?
False
Is 4810067 prime?
False
Is 87101141 a composite number?
False
Is 26828239 prime?
True
Is 396599171 prime?
False
Is 157314947 a prime number?
True
Is 122620285 a prime number?
False
Is 403720073 composite?
True
Is 601589 composite?
False
Is 45249151 a composite number?
True
Is 460697 a prime number?
True
Is 2193191283 prime?
False
Is 23314315 a composite number?
True
Is 9087317 composite?
True
Is 9325751 a prime number?
False
Is 168406559 prime?
True
Is 223207 composite?
False
Is 895474757 a composite number?
False
Is 174158507 a composite number?
True
Is 3998881 prime?
True
Is 835441 a composite number?
False
Is 539759 a composite number?
True
Is 97600501 composite?
True
Is 1305449 prime?
True
Is 188443741 composite?
True
Is 305398271 a prime number?
False
Is 1208399 a prime number?
True
Is 774570331 prime?
False
Is 771427 composite?
False
Is 33385381 a composite number?
True
Is 927889 a prime number?
False
Is 68519383 prime?
True
Is 30903 prime?
False
Is 33216087 a prime number?
False
Is 2606353 prime?
True
Is 96956567 prime?
True
Is 1577387 a composite number?
True
Is 2568119 prime?
True
Is 16552447 a prime number?
True
Is 111236971 prime?
True
Is 1856713 composite?
False
Is 3892897 prime?
True
Is 814673 prime?
False
Is 1526757 a prime number?
False
Is 3378589 prime?
True
Is 2448223 prime?
True
Is 793806127 a composite number?
True
Is 2917477 prime?
True
Is 223274 a composite number?
True
Is 3517967 composite?
False
Is 3349669 composite?
True
Is 34370377 composite?
False
Is 6745673 a prime number?
False
Is 1533871 composite?
False
Is 3333893 a composite number?
False
Is 135579571 composite?
False
Is 157914137 a prime number?
True
Is 